{"id":63,"date":"2014-02-04T15:25:47","date_gmt":"2014-02-04T13:25:47","guid":{"rendered":"http:\/\/bsk.maennchen1.de\/?page_id=63"},"modified":"2021-04-28T13:54:35","modified_gmt":"2021-04-28T11:54:35","slug":"sekretariat","status":"publish","type":"page","link":"https:\/\/abendgymnasium-braunschweig.de\/?page_id=63","title":{"rendered":"Sekretariat"},"content":{"rendered":"<h2>\u00d6ffnungszeiten des Sekretariats<\/h2>\n<table>\n<tbody>\n<tr>\n<td style=\"padding-left: 40px;\">von Montag bis Donnerstag<\/td>\n<td style=\"padding-left: 40px;\">10:45 &#8211; 13:45 sowie 14:15 &#8211; 19:15<\/td>\n<\/tr>\n<tr>\n<td style=\"padding-left: 40px;\">Freitags<\/td>\n<td style=\"padding-left: 40px;\">10:45 &#8211; 13:45 sowie 14:15 &#8211; 19:00<\/td>\n<\/tr>\n<\/tbody>\n<\/table>\n<p>&nbsp;<\/p>\n<p>Tel.: 0531-12313920<\/p>\n<p>Fax: 0531-12313950<\/p>\n<p>Nutzen Sie au\u00dferhalb der \u00d6ffnungszeiten bitte den Anrufbeantworter, damit wir zur\u00fcckrufen k\u00f6nnen!<\/p>\n<p>Unsere Sekret\u00e4rin Frau Baykara ist unter folgender E-Mail-Adresse erreichbar:<br \/>\n<a href=\"mailto:agy.braunschweig@bsk-agy.de\"><b>agy.braunschweig@bsk-agy.de<\/b><\/a><\/p>\n<p><img loading=\"lazy\" decoding=\"async\" src=\"http:\/\/abendgymnasium-braunschweig.de\/wp-content\/uploads\/2019\/01\/Foto-Baykara.jpg\" width=\"150\" height=\"200\" \/><\/p>\n","protected":false},"excerpt":{"rendered":"<p>\u00d6ffnungszeiten des Sekretariats von Montag bis Donnerstag 10:45 &#8211; 13:45 sowie 14:15 &#8211; 19:15 Freitags 10:45 &#8211; 13:45 sowie 14:15 &#8211; 19:00 &nbsp; Tel.: 0531-12313920 Fax: 0531-12313950 Nutzen Sie au\u00dferhalb der \u00d6ffnungszeiten bitte den Anrufbeantworter, damit wir zur\u00fcckrufen k\u00f6nnen! Unsere Sekret\u00e4rin Frau Baykara ist unter folgender E-Mail-Adresse erreichbar: agy.braunschweig@bsk-agy.de<\/p>\n","protected":false},"author":1,"featured_media":0,"parent":21,"menu_order":214,"comment_status":"open","ping_status":"open","template":"","meta":{"footnotes":""},"_links":{"self":[{"href":"https:\/\/abendgymnasium-braunschweig.de\/index.php?rest_route=\/wp\/v2\/pages\/63"}],"collection":[{"href":"https:\/\/abendgymnasium-braunschweig.de\/index.php?rest_route=\/wp\/v2\/pages"}],"about":[{"href":"https:\/\/abendgymnasium-braunschweig.de\/index.php?rest_route=\/wp\/v2\/types\/page"}],"author":[{"embeddable":true,"href":"https:\/\/abendgymnasium-braunschweig.de\/index.php?rest_route=\/wp\/v2\/users\/1"}],"replies":[{"embeddable":true,"href":"https:\/\/abendgymnasium-braunschweig.de\/index.php?rest_route=%2Fwp%2Fv2%2Fcomments&post=63"}],"version-history":[{"count":22,"href":"https:\/\/abendgymnasium-braunschweig.de\/index.php?rest_route=\/wp\/v2\/pages\/63\/revisions"}],"predecessor-version":[{"id":2014,"href":"https:\/\/abendgymnasium-braunschweig.de\/index.php?rest_route=\/wp\/v2\/pages\/63\/revisions\/2014"}],"up":[{"embeddable":true,"href":"https:\/\/abendgymnasium-braunschweig.de\/index.php?rest_route=\/wp\/v2\/pages\/21"}],"wp:attachment":[{"href":"https:\/\/abendgymnasium-braunschweig.de\/index.php?rest_route=%2Fwp%2Fv2%2Fmedia&parent=63"}],"curies":[{"name":"wp","href":"https:\/\/api.w.org\/{rel}","templated":true}]}}