{"id":2,"date":"2014-01-28T06:55:18","date_gmt":"2014-01-28T06:55:18","guid":{"rendered":"http:\/\/bsk.maennchen1.de\/?page_id=2"},"modified":"2026-02-23T19:25:16","modified_gmt":"2026-02-23T17:25:16","slug":"beispiel-seite","status":"publish","type":"page","link":"https:\/\/abendgymnasium-braunschweig.de\/","title":{"rendered":"Startseite"},"content":{"rendered":"<div style=\"text-align: right;\" align=\"center\"><a href=\"http:\/\/abendgymnasium-braunschweig.de\/?page_id=1164\" target=\"_blank\" rel=\"noopener noreferrer\"><strong><span style=\"color: #000000;\"><span style=\"font-family: Arial; font-size: x-large;\">Abitur <span style=\"color: #008000;\">o<\/span>nline &#8211;<\/span> Weitere Infos hier!<\/span><\/strong><\/a><\/div>\n<div style=\"text-align: right;\"><a href=\"http:\/\/abendgymnasium-braunschweig.de\/wp-content\/uploads\/2026\/02\/Abendgymnasium_Flyer_2023.pdf\">Au\u00dferdem: Info-Flyer zum Abendgymnasium<\/a><\/div>\n<div style=\"text-align: right;\"><a href=\"http:\/\/abendgymnasium-braunschweig.de\/wp-content\/uploads\/2026\/02\/Abendgymnasium_Flyer_2023.pdf\"> und seinen Ausbildungsm\u00f6glichkeiten hier!<\/a><\/div>\n<p>&nbsp;<\/p>\n<p style=\"text-align: justify;\"><em><span style=\"color: #ff0000;\">Achtung: Unsere Homepage wird zur Zeit komplett \u00fcberarbeitet. Wir bitten deshalb um Ihr Verst\u00e4ndnis, dass wir uns nur auf die wichtigsten Informationen beschr\u00e4nken!<\/span><\/em><\/p>\n<h2><\/h2>\n<h2 style=\"text-align: left;\">Herzlich willkommen!<\/h2>\n<div style=\"font-weight: 300; text-align: justify;\">Das Abendgymnasium Braunschweig ist eine Schule f\u00fcr berufst\u00e4tige Erwachsene, an der Sie in zwei bis vier Jahren das Abitur erwerben k\u00f6nnen. Der Besuch der Schule ist schulgeldfrei. Der Unterricht ist auf die Berufst\u00e4tigkeit und die besonderen Lernbedingungen von Erwachsenen abgestimmt; er findet abends statt und umfasst in der Regel 22 Stunden pro Woche. Auf die t\u00e4gliche Belastung durch den Beruf, das F\u00fchren eines Haushalts oder die Erfordernisse einer Arbeitssuche wird dabei ebenso R\u00fccksicht genommen wie auf die unterschiedlichen schulischen oder sonstigen Voraussetzungen der Teilnehmer. Auch nach einer langen Lernpause finden Sie bei uns Hilfe und Unterst\u00fctzung. Durch das Angebot &#8222;Blended Learning&#8220; (Abitur online) k\u00f6nnen wir Ihnen noch mehr Flexibilit\u00e4t anbieten.<\/div>\n<div style=\"font-weight: 300; text-align: justify;\">\n<p>Durch j\u00e4hrlich stattfindende Methoden- und Projektwochen, Studienfahrten und Arbeitsgemeinschaften sowie durch ein umfangreiches Veranstaltungsprogramm (Exkursionen, Theaterbesuche u. a. m.) findet ein Schulleben statt, das \u00fcber den Unterricht hinausgeht. Auf diese Weise wollen wir am Abendgymnasium die Allgemeinbildung der Studierenden grundlegend vertiefen.<\/p>\n<p>Weitere Informationen zur Schule finden Sie unter der Rubrik Ausbildung.<\/p>\n<\/div>\n<div><\/div>\n<p><iframe loading=\"lazy\" src=\"https:\/\/www.youtube.com\/embed\/LSlvdTtKSu4\" width=\"560\" height=\"315\" frameborder=\"0\" allowfullscreen=\"allowfullscreen\"><\/iframe><\/p>\n<div><\/div>\n<p>&nbsp;<\/p>\n<div style=\"font-weight: 300;\">Cathrin Baumgarten<br \/>\nSchulleiterin<\/div>\n","protected":false},"excerpt":{"rendered":"<p>Abitur online &#8211; Weitere Infos hier! Au\u00dferdem: Info-Flyer zum Abendgymnasium und seinen Ausbildungsm\u00f6glichkeiten hier! &nbsp; Achtung: Unsere Homepage wird zur Zeit komplett \u00fcberarbeitet. Wir bitten deshalb um Ihr Verst\u00e4ndnis, dass wir uns nur auf die wichtigsten Informationen beschr\u00e4nken! Herzlich willkommen! Das Abendgymnasium Braunschweig ist eine Schule f\u00fcr berufst\u00e4tige Erwachsene, an der Sie in zwei bis [&hellip;]<\/p>\n","protected":false},"author":1,"featured_media":0,"parent":0,"menu_order":0,"comment_status":"open","ping_status":"open","template":"","meta":{"footnotes":""},"_links":{"self":[{"href":"https:\/\/abendgymnasium-braunschweig.de\/index.php?rest_route=\/wp\/v2\/pages\/2"}],"collection":[{"href":"https:\/\/abendgymnasium-braunschweig.de\/index.php?rest_route=\/wp\/v2\/pages"}],"about":[{"href":"https:\/\/abendgymnasium-braunschweig.de\/index.php?rest_route=\/wp\/v2\/types\/page"}],"author":[{"embeddable":true,"href":"https:\/\/abendgymnasium-braunschweig.de\/index.php?rest_route=\/wp\/v2\/users\/1"}],"replies":[{"embeddable":true,"href":"https:\/\/abendgymnasium-braunschweig.de\/index.php?rest_route=%2Fwp%2Fv2%2Fcomments&post=2"}],"version-history":[{"count":170,"href":"https:\/\/abendgymnasium-braunschweig.de\/index.php?rest_route=\/wp\/v2\/pages\/2\/revisions"}],"predecessor-version":[{"id":2219,"href":"https:\/\/abendgymnasium-braunschweig.de\/index.php?rest_route=\/wp\/v2\/pages\/2\/revisions\/2219"}],"wp:attachment":[{"href":"https:\/\/abendgymnasium-braunschweig.de\/index.php?rest_route=%2Fwp%2Fv2%2Fmedia&parent=2"}],"curies":[{"name":"wp","href":"https:\/\/api.w.org\/{rel}","templated":true}]}}