{"id":19,"date":"2014-02-04T15:05:46","date_gmt":"2014-02-04T13:05:46","guid":{"rendered":"http:\/\/bsk.maennchen1.de\/?page_id=19"},"modified":"2024-03-06T17:16:48","modified_gmt":"2024-03-06T15:16:48","slug":"downloads","status":"publish","type":"page","link":"https:\/\/abendgymnasium-braunschweig.de\/?page_id=19","title":{"rendered":"Downloads"},"content":{"rendered":"\r\n<p>Hier finden Sie das aktuelle Anmeldeformular und weitere Informationen zu Ihrer Ausbildung am Abendgymnasium, wie zum Beispiel die bevorstehenden Themen f\u00fcr die einzelnen Semester, als auch die notwendigen Operatoren f\u00fcr die jeweiligen F\u00e4cher.<\/p>\r\n\r\n\r\n\r\n<p>&nbsp;<\/p>\r\n<table style=\"cellpadding: 10px; cellspace: 10px; border: 3px solid;\">\r\n<tbody>\r\n<tr>\r\n<td style=\"cellpadding: 10px; cellspace: 10px; border: 1px solid;\"><b>Anmeldeformular: <\/b><\/td>\r\n<td style=\"cellpadding: 10px; cellspace: 10px; border: 1px solid;\"><a href=\"http:\/\/abendgymnasium-braunschweig.de\/wp-content\/uploads\/2024\/03\/anmeldung2024_aktuell.pdf\" target=\"new\" rel=\"noopener noreferrer\">Link<\/a><\/td>\r\n<\/tr>\r\n<tr>\r\n<td style=\"cellpadding: 10px; cellspace: 10px; border: 1px solid;\"><b>Pr\u00fcfungstermine: <\/b><\/td>\r\n<td style=\"cellpadding: 10px; cellspace: 10px; border: 1px solid;\"><a href=\"https:\/\/www.nibis.de\/nli1\/allgemein\/gosin\/zentralabitur\/infos2019\/Bekanntmachung-Abiturtermine-2019-Original.pdf\" target=\"new\" rel=\"noopener noreferrer\">2019<\/a> | <a href=\"https:\/\/www.nibis.de\/nli1\/allgemein\/gosin\/zentralabitur\/infos2020\/Erlass_Abiturtermine_2020.pdf\" target=\"new\" rel=\"noopener noreferrer\">2020<\/a> | <a>2021 (Noch keine Termine vorhanden)<\/a><\/td>\r\n<\/tr>\r\n<tr>\r\n<td style=\"cellpadding: 10px; cellspace: 10px; border: 1px solid;\"><b>Kerncurricula und Operatoren:\u00a0\u00a0\u00a0\u00a0<\/b><\/td>\r\n<td style=\"cellpadding: 10px; cellspace: 10px; border: 1px solid;\"><a href=\"http:\/\/nibis.de\/nibis.php?menid=9010\" target=\"new\" rel=\"noopener noreferrer\">2019<\/a> | <a href=\"http:\/\/nibis.de\/nibis.php?menid=10137\" target=\"new\" rel=\"noopener noreferrer\">2020<\/a> | <a href=\"http:\/\/nibis.de\/nibis.php?menid=11243\" target=\"new\" rel=\"noopener noreferrer\">2021<\/a><\/td>\r\n<\/tr>\r\n<tr>\r\n<td style=\"border: 1px solid;\"><b>Ferientermine: <\/b><\/td>\r\n<td style=\"cellpadding: 10px; cellspace: 10px; border: 1px solid;\"><a href=\"http:\/\/abendgymnasium-braunschweig.de\/wp-content\/uploads\/2016\/09\/Ferien_Nds_2016-2024.pdf\" target=\"new\" rel=\"noopener noreferrer\">Link<\/a><\/td>\r\n<\/tr>\r\n<\/tbody>\r\n<\/table>\r\n\r\n\r\n\r\n<p>&nbsp;<\/p>\r\n","protected":false},"excerpt":{"rendered":"<p>Hier finden Sie das aktuelle Anmeldeformular und weitere Informationen zu Ihrer Ausbildung am Abendgymnasium, wie zum Beispiel die bevorstehenden Themen f\u00fcr die einzelnen Semester, als auch die notwendigen Operatoren f\u00fcr die jeweiligen F\u00e4cher. &nbsp; Anmeldeformular: Link Pr\u00fcfungstermine: 2019 | 2020 | 2021 (Noch keine Termine vorhanden) Kerncurricula und Operatoren:\u00a0\u00a0\u00a0\u00a0 2019 | 2020 | 2021 Ferientermine: [&hellip;]<\/p>\n","protected":false},"author":1,"featured_media":0,"parent":0,"menu_order":80,"comment_status":"open","ping_status":"closed","template":"","meta":{"footnotes":""},"_links":{"self":[{"href":"https:\/\/abendgymnasium-braunschweig.de\/index.php?rest_route=\/wp\/v2\/pages\/19"}],"collection":[{"href":"https:\/\/abendgymnasium-braunschweig.de\/index.php?rest_route=\/wp\/v2\/pages"}],"about":[{"href":"https:\/\/abendgymnasium-braunschweig.de\/index.php?rest_route=\/wp\/v2\/types\/page"}],"author":[{"embeddable":true,"href":"https:\/\/abendgymnasium-braunschweig.de\/index.php?rest_route=\/wp\/v2\/users\/1"}],"replies":[{"embeddable":true,"href":"https:\/\/abendgymnasium-braunschweig.de\/index.php?rest_route=%2Fwp%2Fv2%2Fcomments&post=19"}],"version-history":[{"count":18,"href":"https:\/\/abendgymnasium-braunschweig.de\/index.php?rest_route=\/wp\/v2\/pages\/19\/revisions"}],"predecessor-version":[{"id":2106,"href":"https:\/\/abendgymnasium-braunschweig.de\/index.php?rest_route=\/wp\/v2\/pages\/19\/revisions\/2106"}],"wp:attachment":[{"href":"https:\/\/abendgymnasium-braunschweig.de\/index.php?rest_route=%2Fwp%2Fv2%2Fmedia&parent=19"}],"curies":[{"name":"wp","href":"https:\/\/api.w.org\/{rel}","templated":true}]}}